ivisor of 2005 and 7947419.
401
What is the greatest common divisor of 315 and 10595655?
315
Calculate the greatest common divisor of 1036912 and 81787.
283
What is the greatest common factor of 91292469 and 123303?
5361
Calculate the greatest common factor of 29024686 and 220482.
2722
What is the highest common factor of 83430 and 11415490?
1030
Calculate the greatest common divisor of 5727 and 48654683.
1909
What is the greatest common factor of 1941250 and 1750?
250
Calculate the highest common divisor of 9170777 and 231.
77
Calculate the highest common divisor of 482419903 and 1281.
427
What is the highest common divisor of 22 and 392404386?
22
Calculate the greatest common factor of 91391 and 2419.
59
What is the highest common divisor of 5133 and 55071?
87
Calculate the highest common divisor of 29520 and 47100.
60
What is the greatest common divisor of 982 and 58274?
2
Calculate the greatest common factor of 101839900 and 14514.
4838
Calculate the highest common divisor of 240 and 27019536.
48
Calculate the highest common factor of 20114 and 93564.
226
What is the greatest common divisor of 307221351 and 3?
3
Calculate the greatest common factor of 5397 and 966.
21
Calculate the highest common divisor of 199780749 and 5103.
1701
What is the highest common divisor of 5371 and 3235831?
131
What is the highest common divisor of 670 and 1565254?
134
What is the greatest common divisor of 1695650 and 8126788?
6166
Calculate the highest common divisor of 23690725 and 2055.
685
Calculate the highest common divisor of 555518 and 14467.
37
Calculate the greatest common divisor of 350 and 1421210.
70
Calculate the greatest common divisor of 4140 and 59610825.
1035
Calculate the greatest common divisor of 1081800 and 2200.
200
Calculate the highest common factor of 166 and 7249149118.
166
What is the highest common divisor of 686 and 224798?
14
What is the greatest common factor of 36 and 50970216?
12
Calculate the highest common divisor of 23553975 and 42573.
1851
Calculate the highest common divisor of 1392 and 20689644.
348
Calculate the highest common divisor of 241380 and 5347620.
1620
What is the greatest common divisor of 66600608 and 1402?
1402
What is the highest common factor of 274687 and 1?
1
Calculate the highest common factor of 970938097 and 3518.
1759
What is the highest common factor of 20978 and 2851774?
1234
What is the highest common factor of 1472636 and 736?
4
What is the greatest common factor of 80 and 354820?
20
What is the greatest common factor of 2557867 and 52?
13
What is the greatest common factor of 1201420 and 33?
11
What is the highest common factor of 92268 and 45475309?
2563
Calculate the greatest common divisor of 98230110 and 780.
30
Calculate the highest common factor of 535715441 and 17.
17
Calculate the highest common factor of 221395510 and 178.
178
What is the greatest common divisor of 875720 and 150760?
40
What is the greatest common divisor of 33417 and 21222?
9
Calculate the greatest common divisor of 593808 and 197102.
278
What is the greatest common divisor of 104184105 and 5?
5
What is the highest common factor of 134 and 423714030?
134
What is the greatest common divisor of 65936075 and 45475?
2675
Calculate the highest common divisor of 215 and 4537050.
5
Calculate the greatest common factor of 44855776 and 2912.
224
Calculate the highest common divisor of 29 and 693129.
29
What is the highest common factor of 7138318 and 99?
11
Calculate the greatest common factor of 712153920 and 640.
320
What is the greatest common factor of 5351023 and 21536?
673
What is the highest common divisor of 1272346 and 174?
58
Calculate the highest common factor of 856072 and 4928.
56
What is the highest common factor of 93262 and 102?
34
What is the greatest common divisor of 775834 and 3?
1
Calculate the greatest common divisor of 132563 and 779.
19
Calculate the greatest common divisor of 20614400 and 136800.
800
Calculate the highest common factor of 5840 and 14015240.
40
What is the highest common divisor of 53500404 and 282?
6
What is the highest common divisor of 8 and 6889304?
8
Calculate the greatest common factor of 6850475 and 10.
5
Calculate the greatest common factor of 1591 and 3096271.
37
What is the greatest common divisor of 99 and 17969919?
33
Calculate the highest common divisor of 3444 and 17308.
4
Calculate the highest common factor of 356283 and 2898790.
1277
What is the greatest common divisor of 15497616 and 494?
38
Calculate the highest common factor of 57323610 and 9575.
1915
What is the highest common divisor of 53311680 and 14400?
2880
Calculate the highest common divisor of 395578 and 4814.
166
Calculate the highest common factor of 5324883 and 209.
19
What is the greatest common factor of 358 and 4432?
2
Calculate the greatest common factor of 21653587 and 11021.
103
What is the greatest common factor of 171 and 13397508?
171
What is the highest common factor of 15954642 and 1782?
198
What is the highest common factor of 34050016 and 896?
224
Calculate the highest common divisor of 604494 and 2852190.
8514
Calculate the greatest common factor of 20 and 1858970.
10
What is the greatest common divisor of 178038 and 1910062?
2198
Calculate the greatest common factor of 13563 and 67105203.
4521
Calculate the highest common divisor of 71679728 and 11240.
2248
What is the highest common factor of 4363476 and 663?
39
Calculate the highest common factor of 1161654 and 381036.
1686
Calculate the greatest common factor of 1665 and 26279805.
555
What is the greatest common divisor of 276 and 68122620?
12
What is the greatest common divisor of 1214 and 1079798370?
1214
What is the highest common factor of 32 and 18757808?
16
What is the highest common factor of 19223 and 48833?
47
What is the greatest common divisor of 14052096 and 53352?
4104
Calculate the greatest common divisor of 4534 and 443409331.
2267
Calculate the greatest common factor of 46 and 136710298.
46
Calculate the highest common factor of 16779 and 5123.
47
What is the highest common divisor of 150132260 and 13756?
724
Calculate the highest common divisor of 19413 and 15112661.
719
Calculate the greatest common factor of 30038757 and 11508.
2877
What is the highest common divisor of 969197 and 23?
23
Calculate the highest common factor of 12238322 and 2.
2
What is the highest common divisor of 19833781 and 323?
17
What is the highest common divisor of 22890 and 256856320?
7630
What is the greatest common factor of 132560 and 1040?
80
What is the greatest common factor of 306 and 127693086?
102
What is the greatest common factor of 15752 and 22528?
88
What is the highest common divisor of 231 and 37400583?
33
Calculate the greatest common divisor of 82 and 144776986.
82
Calculate the highest common divisor of 1743498 and 162.
54
Calculate the greatest common factor of 522002 and 5593.
17
What is the highest common divisor of 5975 and 95122?
239
What is the highest common factor of 1850344 and 2936?
8
Calculate the greatest common factor of 637365560 and 390.
130
What is the greatest common divisor of 1019671 and 12532?
241
Calculate the greatest common factor of 35717 and 4788179.
2101
What is the highest common factor of 164 and 126346379?
41
Calculate the highest common divisor of 398 and 17314.
2
What is the greatest common divisor of 6091288 and 1968?
328
What is the greatest common factor of 134827 and 2123?
11
Calculate the greatest common factor of 1639828 and 8668.
788
What is the highest common factor of 17374 and 842352?
14
What is the greatest common factor of 2522 and 18679193?
1261
Calculate the greatest common divisor of 56516694 and 156.
78
What is the greatest common divisor of 59 and 1683137191?
59
What is the greatest common factor of 1820 and 9341260?
20
What is the greatest common divisor of 2672 and 7732336?
16
Calculate the greatest common factor of 36 and 481676697.
9
Calculate the highest common factor of 995933036 and 147.
49
What is the highest common divisor of 6 and 589355466?
6
Calculate the highest common divisor of 225 and 66734991.
9
What is the greatest common factor of 26551 and 1384445?
3793
What is the highest common divisor of 3980 and 12745552?
796
What is the highest common divisor of 4371